{"id":1163,"date":"2023-03-01T03:11:01","date_gmt":"2023-03-01T03:11:01","guid":{"rendered":"https:\/\/lambda92.org\/?page_id=1163"},"modified":"2023-03-01T03:11:24","modified_gmt":"2023-03-01T03:11:24","slug":"exemples","status":"publish","type":"page","link":"https:\/\/lambda92.org\/?page_id=1163","title":{"rendered":"Exemples"},"content":{"rendered":"\n<p>On commence par les exemples et les t\u00e9moignages, c&#8217;est-\u00e0-dire des cas concrets. <\/p>\n\n\n\n<p>On va donc ici fait une liste de cas, en indiquant \u00e0 chaque fois:<\/p>\n\n\n\n<ul>\n<li>l&#8217;origine et le probl\u00e8me \u00e0 traiter<\/li>\n\n\n\n<li>la solution adpat\u00e9e et les grandes lignes de sa mise en oeuvre<\/li>\n\n\n\n<li>le bilan du projet et la r\u00e9flexion sur cette exp\u00e9rience<\/li>\n<\/ul>\n\n\n\n<p>Un club de philat\u00e9lie &#8211; WordPress<\/p>\n\n\n\n<p>Un site Web \u00e0 r\u00e9nover &#8211; WordPress et Jira<\/p>\n\n\n\n<p>Un cas virtuel: le club de randonn\u00e9e &#8211; WordPress, Lightroom, Vimeo<\/p>\n","protected":false},"excerpt":{"rendered":"<p>On commence par les exemples et les t\u00e9moignages, c&#8217;est-\u00e0-dire des cas concrets. On va donc ici fait une liste de cas, en indiquant \u00e0 chaque fois: Un club de philat\u00e9lie &#8211; WordPress Un site Web \u00e0 r\u00e9nover &#8211; WordPress et Jira Un cas virtuel: le club de randonn\u00e9e &#8211; WordPress, Lightroom, Vimeo<\/p>\n","protected":false},"author":1,"featured_media":0,"parent":0,"menu_order":1,"comment_status":"closed","ping_status":"closed","template":"","meta":[],"aioseo_notices":[],"_links":{"self":[{"href":"https:\/\/lambda92.org\/index.php?rest_route=\/wp\/v2\/pages\/1163"}],"collection":[{"href":"https:\/\/lambda92.org\/index.php?rest_route=\/wp\/v2\/pages"}],"about":[{"href":"https:\/\/lambda92.org\/index.php?rest_route=\/wp\/v2\/types\/page"}],"author":[{"embeddable":true,"href":"https:\/\/lambda92.org\/index.php?rest_route=\/wp\/v2\/users\/1"}],"replies":[{"embeddable":true,"href":"https:\/\/lambda92.org\/index.php?rest_route=%2Fwp%2Fv2%2Fcomments&post=1163"}],"version-history":[{"count":1,"href":"https:\/\/lambda92.org\/index.php?rest_route=\/wp\/v2\/pages\/1163\/revisions"}],"predecessor-version":[{"id":1164,"href":"https:\/\/lambda92.org\/index.php?rest_route=\/wp\/v2\/pages\/1163\/revisions\/1164"}],"wp:attachment":[{"href":"https:\/\/lambda92.org\/index.php?rest_route=%2Fwp%2Fv2%2Fmedia&parent=1163"}],"curies":[{"name":"wp","href":"https:\/\/api.w.org\/{rel}","templated":true}]}}